6 - 4?
-a
In base 8, what is -172 + 22?
-150
In base 6, what is 12 - 102?
-50
In base 15, what is -5 + 1d?
18
In base 15, what is -2 + -d9?
-db
In base 2, what is 1110 - 1011111000?
-1011101010
In base 16, what is -3 + 56?
53
In base 11, what is -2 + 42?
40
In base 7, what is -16 + 14?
-2
In base 15, what is 4 + 5?
9
In base 14, what is 2 + -2b8?
-2b6
In base 5, what is 2444 + 10?
3004
In base 5, what is -1142 - -10?
-1132
In base 10, what is -6 - 255?
-261
In base 10, what is 2 - -58?
60
In base 10, what is -2346 - 1?
-2347
In base 2, what is -10011110000 - -100?
-10011101100
In base 12, what is 2 + 243?
245
In base 9, what is -24 + 10?
-14
In base 6, what is -5 - 453?
-502
In base 12, what is 36 - 15?
21
In base 15, what is 1d5 - -2?
1d7
In base 9, what is 50 + -7?
42
In base 4, what is -130131 - -1?
-130130
In base 6, what is 2331 + 3?
2334
In base 3, what is 1 + 2011?
2012
In base 9, what is -5 + -148?
-154
In base 11, what is 5138 - -5?
5142
In base 7, what is -106 + 4?
-102
In base 7, what is -3 + -244?
-250
In base 11, what is -12 - -4?
-9
In base 7, what is 130 - -5?
135
In base 3, what is -2 + 2102?
2100
In base 2, what is -10011100101 + -101?
-10011101010
In base 12, what is -11 - -21?
10
In base 3, what is -1 - -211?
210
In base 3, what is 120 - 1112010?
-1111120
In base 4, what is 23013 + 110?
23123
In base 13, what is -38 + 0?
-38
In base 7, what is -1 - 1604?
-1605
In base 3, what is -1 - -102112?
102111
In base 10, what is 269 - -4?
273
In base 10, what is 2676 + -3?
2673
In base 16, what is -88 + 1?
-87
In base 6, what is -53 - 5?
-102
In base 8, what is 63 - -4?
67
In base 3, what is 1200022 - 1?
1200021
In base 16, what is 3 - -5b?
5e
In base 6, what is -3 - 2220?
-2223
In base 9, what is 30 + -2?
27
In base 3, what is -200 - -12121?
11221
In base 8, what is 115 - 1?
114
In base 12, what is -2859 - -2?
-2857
In base 9, what is -34 + -8?
-43
In base 15, what is -202 - -2?
-200
In base 3, what is -1 - -221112?
221111
In base 2, what is -101001 - -111?
-100010
In base 5, what is 4 - -3102?
3111
In base 13, what is -3 - 233?
-236
In base 8, what is 267 - -2?
271
In base 4, what is 100 + -113?
-13
In base 9, what is -4 + -142?
-146
In base 10, what is 27 + -13?
14
In base 10, what is 23 + -218?
-195
In base 4, what is 231 + 1232?
2123
In base 10, what is -265 + 2?
-263
In base 2, what is 1011101000000011 + 11?
1011101000000110
In base 14, what is -20d + -5?
-214
In base 9, what is -100 + 4?
-85
In base 11, what is 4 - -1494?
1498
In base 12, what is -1a + -4a?
-68
In base 5, what is 40 + -2311?
-2221
In base 11, what is 5 - 17?
-12
In base 16, what is 4 - bf?
-bb
In base 14, what is 87 + 3?
8a
In base 4, what is 123031 - -2?
123033
In base 4, what is -10 + 123020?
123010
In base 3, what is -2 - -1112?
1110
In base 14, what is 350 - -3?
353
In base 15, what is 0 + -b4?
-b4
In base 5, what is 4333 - -10?
4343
In base 6, what is 0 + 2143?
2143
In base 12, what is -1a0 + 15?
-187
In base 12, what is 16 + 60?
76
In base 10, what is 3 - -288?
291
In base 14, what is -14 - 34?
-48
In base 7, what is -5 + 116?
111
In base 14, what is -7 + d22?
d19
In base 2, what is -11011010 + -110011?
-100001101
In base 5, what is 1 + 200?
201
In base 9, what is 4 - -3?
7
In base 15, what is -11 - 6?
-17
In base 6, what is -3 - 105?
-112
In base 12, what is -4 - -109?
105
In base 8, what is 104 + 5?
111
In base 16, what is -5 + b?
6
In base 10, what is 3128 - 5?
3123
In base 14, what is 227 - 5?
222
In base 6, what is 13 - -2201?
2214
In base 13, what is -76 + -4?
-7a
In base 10, what is 1034 - 2?
1032
In base 5, what is -211 + -2?
-213
In base 6, what is -1 - -245?
244
In base 3, what is 20001102 - -1?
20001110
In base 2, what is -11111 + 101110000?
101010001
In base 11, what is 389 + 2?
390
In base 15, what is -14 - -3ae?
39a
In base 6, what is -4 + -34?
-42
In base 5, what is -342 + -20?
-412
In base 10, what is -5 - -1427?
1422
In base 5, what is 4 + 331?
340
In base 8, what is -4 + 77?
73
In base 13, what is 42 + 7a?
bc
In base 11, what is 7 + -194?
-188
In base 7, what is -2 - -414?
412
In base 7, what is 33 + 156?
222
In base 6, what is -223 - 10?
-233
In base 2, what is 0 + -10111100?
-10111100
In base 2, what is 0 - 10000001?
-10000001
In base 12, what is -222 - -4?
-21a
In base 5, what is -2004 + -4?
-2013
In base 8, what is -3 - -70?
65
In base 8, what is -1 - -564?
563
In base 10, what is -16 + -1?
-17
In base 4, what is 21032 - 101?
20331
In base 6, what is 20 + 13142?
13202
In base 9, what is 85 + 30?
125
In base 5, what is -13 + -10?
-23
In base 9, what is -3 - -10036?
10033
In base 12, what is 2 + 24?
26
In base 16, what is 163 - -5?
168
In base 7, what is 30 - -41?
101
In base 8, what is 1316 - 5?
1311
In base 5, what is -2 + -3412?
-3414
In base 13, what is 10 - -5?
15
In base 2, what is -101001 + 1000?
-100001
In base 4, what is 1221 + -3?
1212
In base 14, what is 4a - 16?
34
In base 5, what is -21 + -21?
-42
In base 16, what is -5 + fb?
f6
In base 9, what is -34 - -301?
256
In base 4, what is 10322 + 1113?
12101
In base 3, what is 2212 - 2112?
100
In base 13, what is 3b2 + 9?
3bb
In base 14, what is -2 - -1da?
1d8
In base 8, what is -54 + 26?
-26
In base 13, what is -3 - -1b6?
1b3
In base 8, what is 0 - 3114?
-3114
In base 4, what is 212 - -20?
232
In base 7, what is -2215 + -3?
-2221
In base 3, what is 1200 - 2?
1121
In base 4, what is -133 + -31?
-230
In base 2, what is -111 - -11?
-100
In base 16, what is -7ffb - 5?
-8000
In base 5, what is -3 - -11410?
11402
In base 3, what is 11 + 12110?
12121
In base 10, what is 2 + -621?
-619
In base 11, what is 10 + -2?
9
In base 12, what is 2 + 9b1?
9b3
In base 7, what is -232 - -36?
-163
In base 9, what is 4 - -251?
255
In base 13, what is -53 + 29?
-27
In base 13, what is -286 + -2?
-288
In base 7, what is 10 - 162?
-152
In base 4, what is 10 + -2330?
-2320
In base 8, what is 2 + 20?
22
In base 4, what is -103121 - -11?
-103110
In base 2, what is 1010111 - 0?
1010111
In base 2, what is 11010010000 + -1?
11010001111
In base 6, what is -5 + 1143?
1134
In base 12, what is -1a8 + -6?
-1b2
In base 7, what is -434 - 14?
-451
In base 15, what is -544 + 2?
-542
In base 4, what is -30121 + -1?
-30122
In base 11, what is -6 + -a1?
-a7
In base 5, what is 0 - 1043?
-1043
In base 4, what is 3 + -33011?
-33002
In base 10, what is 3045 - 1?
3044
In base 10, what is -2 - -99?
97
In base 15, what is 83b8 + -1?
83b7
In base 9, what is -171 + 2?
-168
In base 10, what is 44 + 40?
84
In base 5, what is 0 + 41313?
41313
In base 13, what is c - 4b?
-3c
In base 7, what is 5260 - 6?
5251
In base 4, what is 12 + -1233?
-1221
In base 9, what is 15 + 0?
15
In base 6, what is 120 + 3?
123
In base 3, what is -210120 - -1?
-210112
In base 10, what is -5 + -2334?
-2339
In base 2, what is -1011 + 1110000?
1100101
In base 8, what is -126 + 4?
-122
In base 11, what is 3 + -138?
-135
In base 8, what is 2121 - 5?
2114
In base 15, what is -23 - 1?
-24
In base 2, what is -10100 - -101000010?
100101110
In base 2, what is -100 - -10101010?
10100110
In base 14, what is -112 - -23?
-cd
In base 12, what is -24 + 2a?
6
In base 4, what is 11 - -10020?
10031
In base 10, what is 4 - 1343?
-1339
In base 16, what is 10 + -10?
0
In base 2, what is 10 + 1100010100?
1100010110
In base 11, what is 1 + -435?
-434
In base 12, what is -1 + 1a4?
1a3
In base 15, what is 21d + 2?
220
In base 13, what is -8 - 1?
-9
In base 3, what is 20 + 11022000?
11022020
In base 16, what is 3ca + -3?
3c7
In base 15, what is 84 + 16?
9a
In base 16, what is 4 - 57f?
-57b
In base 15, what is -104 + -48?
-14c
In base 9, what is 876 - 4?
872
In base 13, what is -11 - 2?
-13
In base 4, what is 310212 - 11?
310201
In base 13, what is -126b - 4?
-1272
In base 8, what is -1 + -3?
-4
In base 7, what is -1 + -62?
-63
In base 16, what is 0 + -20?
-20
In base 13, what is -62 - -1?
-61
In base 9, what is -3 + 350?
346
In base 3, what is 21 + -10122?
-10101
In base 6, what is 5 + 1242?
1251
In base 3, what is 202 + 2001?
2210
In base 9, what is 1454 - -3?
1457
In base 15, what is 21 + -13?
d
In base 7, what is 331 - -4?
335
In base 8, what is -342 - -10?
-332
In base 7, what is 132 + 2?
134
In base 9, what is -136 - 0?
-136
In base 16, what is 11 - -3e?
4f
In base 3, what 